 the greatest common divisor of 30210 and 1325.
265
What is the greatest common divisor of 2321824 and 159?
53
Calculate the highest common factor of 2302 and 640.
2
What is the greatest common divisor of 477 and 744650?
53
What is the highest common divisor of 4160 and 55040?
320
Calculate the highest common factor of 86 and 21457.
43
Calculate the highest common factor of 112659 and 102.
51
Calculate the greatest common divisor of 5317 and 8879.
13
Calculate the highest common divisor of 192976 and 112.
112
Calculate the greatest common divisor of 12002 and 68.
34
What is the greatest common factor of 13149 and 81?
27
Calculate the greatest common factor of 3218252 and 69.
23
Calculate the greatest common divisor of 175 and 207305.
35
What is the greatest common divisor of 529455 and 3525?
705
What is the highest common factor of 1293120 and 12?
12
Calculate the highest common factor of 85080 and 960.
120
What is the highest common divisor of 296 and 2496760?
296
What is the highest common divisor of 24 and 2073474?
6
What is the highest common divisor of 3810 and 20?
10
What is the greatest common divisor of 152 and 10584?
8
What is the greatest common factor of 33396 and 1449?
69
Calculate the greatest common factor of 267663 and 22.
11
What is the greatest common divisor of 18 and 190872?
18
Calculate the greatest common factor of 76153 and 23.
23
Calculate the highest common factor of 1378868 and 76.
76
What is the greatest common divisor of 5084191 and 127?
127
Calculate the greatest common divisor of 876 and 59276.
292
Calculate the highest common factor of 32957 and 9.
1
Calculate the highest common factor of 297 and 688468.
11
Calculate the greatest common factor of 4666595 and 5.
5
Calculate the greatest common factor of 840 and 90580.
140
Calculate the greatest common divisor of 676 and 122928.
52
What is the greatest common divisor of 58075 and 45425?
575
What is the highest common factor of 6580 and 3901?
47
What is the greatest common divisor of 540584 and 88?
88
What is the greatest common divisor of 357 and 79203?
51
Calculate the greatest common divisor of 427975 and 25.
25
What is the greatest common divisor of 162 and 32994?
54
What is the greatest common factor of 845878 and 44?
22
Calculate the greatest common divisor of 84 and 386358.
42
Calculate the highest common factor of 74 and 911606.
74
What is the highest common divisor of 33462 and 36?
18
What is the greatest common factor of 345 and 17565?
15
Calculate the greatest common divisor of 267470 and 1155.
35
Calculate the highest common factor of 165 and 3.
3
What is the greatest common divisor of 1933540 and 14?
14
Calculate the highest common divisor of 14584 and 312.
8
What is the highest common divisor of 5772 and 936?
156
What is the greatest common divisor of 234 and 221676?
78
Calculate the greatest common divisor of 17888 and 12896.
416
What is the highest common factor of 12617 and 21421?
31
Calculate the greatest common divisor of 23590 and 140.
70
What is the highest common factor of 327 and 182139?
327
Calculate the greatest common factor of 1 and 11987.
1
What is the highest common divisor of 1326230 and 60?
10
Calculate the highest common factor of 9667 and 98.
7
Calculate the greatest common factor of 1114 and 3698.
2
Calculate the greatest common divisor of 19 and 232997.
19
Calculate the highest common divisor of 12 and 2484126.
6
What is the greatest common divisor of 213136 and 1038?
346
Calculate the greatest common factor of 13 and 106483.
13
Calculate the greatest common divisor of 12150 and 6350.
50
Calculate the greatest common divisor of 1660 and 1800.
20
Calculate the greatest common factor of 759 and 5247.
33
What is the greatest common divisor of 5504 and 10492?
172
What is the highest common factor of 2377578 and 294?
294
What is the highest common factor of 164 and 116?
4
Calculate the highest common divisor of 23 and 88849.
23
Calculate the greatest common divisor of 255 and 3549957.
51
What is the highest common divisor of 3876 and 3021?
57
What is the highest common factor of 35 and 8375?
5
What is the highest common divisor of 1118 and 6188?
26
Calculate the highest common divisor of 27973 and 11.
11
Calculate the greatest common factor of 36 and 550062.
18
What is the greatest common factor of 112748 and 284?
284
What is the greatest common divisor of 5472 and 12160?
608
Calculate the greatest common factor of 88676 and 84.
28
What is the greatest common divisor of 1433406 and 442?
442
Calculate the highest common factor of 2080 and 4173520.
1040
What is the highest common factor of 309370 and 10?
10
Calculate the greatest common factor of 4375360 and 64.
64
What is the highest common divisor of 5028 and 36?
12
What is the greatest common divisor of 2952 and 468?
36
What is the highest common divisor of 164343 and 9?
3
What is the highest common factor of 35648 and 31168?
64
What is the greatest common factor of 936 and 287586?
234
What is the greatest common divisor of 176 and 67496?
88
What is the highest common factor of 4154 and 76880?
62
What is the greatest common factor of 51952 and 16?
16
What is the greatest common divisor of 248 and 11600?
8
Calculate the greatest common divisor of 94 and 455289.
47
What is the greatest common divisor of 43688 and 1720?
344
What is the highest common divisor of 143 and 16834961?
143
What is the highest common factor of 20654 and 3818?
46
Calculate the greatest common divisor of 36844 and 45300.
604
What is the highest common divisor of 110 and 7106?
22
What is the greatest common factor of 2370775 and 200?
25
What is the highest common factor of 9224 and 8?
8
What is the highest common divisor of 14 and 52731?
7
What is the highest common divisor of 6435 and 18?
9
What is the highest common factor of 21632 and 520?
104
Calculate the greatest common divisor of 798343 and 31.
31
Calculate the highest common factor of 34932 and 164.
164
What is the greatest common divisor of 106737 and 282?
141
Calculate the greatest common factor of 5 and 8055.
5
Calculate the highest common factor of 1119904 and 11376.
1264
What is the greatest common factor of 2870 and 49525?
35
What is the highest common factor of 3427616 and 1376?
1376
What is the highest common factor of 139095 and 72?
9
What is the highest common factor of 20 and 20180?
20
What is the highest common divisor of 342 and 4636?
38
Calculate the greatest common divisor of 33138 and 1071.
63
Calculate the highest common divisor of 50 and 22850.
50
What is the greatest common divisor of 42 and 217830?
6
What is the greatest common divisor of 1562 and 2882?
22
Calculate the greatest common divisor of 766860 and 16.
4
Calculate the greatest common factor of 120082 and 2.
2
Calculate the greatest common divisor of 90856 and 219384.
2216
Calculate the highest common divisor of 711 and 11133.
9
What is the highest common factor of 3480 and 10980?
60
Calculate the highest common factor of 376 and 1168984.
376
What is the highest common divisor of 1608 and 29024?
8
What is the greatest common divisor of 5184 and 127980?
324
What is the highest common factor of 1426 and 9672?
62
Calculate the highest common factor of 641190 and 10.
10
Calculate the greatest common divisor of 185142 and 354.
354
What is the greatest common divisor of 266 and 15981?
7
Calculate the highest common divisor of 10528 and 44128.
224
What is the greatest common factor of 279786 and 104?
26
Calculate the highest common divisor of 2562 and 2058.
42
What is the greatest common factor of 15411 and 15521?
11
What is the greatest common factor of 28608 and 8592?
48
Calculate the greatest common factor of 194 and 26287.
97
Calculate the greatest common factor of 2240400 and 12.
12
What is the highest common factor of 31904 and 144?
16
What is the highest common divisor of 6789 and 837?
93
What is the highest common divisor of 11931 and 3813?
123
What is the highest common factor of 3074 and 318?
106
What is the highest common divisor of 768 and 47360?
256
Calculate the highest common divisor of 73109 and 58.
29
Calculate the highest common divisor of 220490 and 1615.
85
What is the highest common factor of 251 and 158381?
251
What is the highest common divisor of 10 and 484990